1 - 7d1a4?
-7d1a3
In base 3, what is -10102 + -1021021?
-1101200
In base 13, what is 126 + a1a3?
a2c9
In base 11, what is -1 - -5597?
5596
In base 14, what is 2 - -1386?
1388
In base 9, what is -508 + 830?
321
In base 5, what is -13021032 + 12?
-13021020
In base 13, what is 5c3 - 51?
572
In base 9, what is -225 + -736?
-1062
In base 13, what is -4858 + -3?
-485b
In base 10, what is 2 - 15357?
-15355
In base 6, what is 54022 - -1?
54023
In base 5, what is 33222 + 131?
33403
In base 10, what is -43578 + -2?
-43580
In base 12, what is -5 - 5580?
-5585
In base 12, what is -a663 + b9?
-a566
In base 4, what is -10 + 2202301?
2202231
In base 16, what is 60c + -1b?
5f1
In base 6, what is 12344453 + -2?
12344451
In base 14, what is 3c1c + 34?
3c52
In base 13, what is -897 + 20?
-877
In base 3, what is 212 + 120002201?
120010120
In base 11, what is -11 - 1000?
-1011
In base 11, what is -212 - 79?
-290
In base 10, what is -1373 + -48?
-1421
In base 2, what is -1111100001000001110000 - -100?
-1111100001000001101100
In base 11, what is -4 - -15883?
1587a
In base 4, what is 1311 + -1013320?
-1012003
In base 2, what is -1100111 + 100010110011?
100001001100
In base 2, what is 101110001111 + -1100?
101110000011
In base 8, what is -5 - 12510?
-12515
In base 11, what is 88a - 31?
859
In base 8, what is -4263323 - 5?
-4263330
In base 11, what is 32 + -2a043?
-2a011
In base 3, what is 202 - -1222102?
2000011
In base 10, what is -30169 - -5?
-30164
In base 4, what is 111022 - 3?
111013
In base 12, what is 2463 + b?
2472
In base 6, what is -4424 - -31?
-4353
In base 9, what is -350446 - -2?
-350444
In base 10, what is -4578 + 328?
-4250
In base 14, what is 421 - -140?
561
In base 2, what is 10010 - -1000111001010?
1000111011100
In base 7, what is 165 + -450?
-252
In base 14, what is -5 + -51b0?
-51b5
In base 16, what is 3 - c15?
-c12
In base 14, what is 8 - 7d0b?
-7d03
In base 10, what is -1 - -1639?
1638
In base 10, what is -15074 + -72?
-15146
In base 8, what is -5302 - -53?
-5227
In base 5, what is -2 - -331233?
331231
In base 4, what is -2031 - -1013132?
1011101
In base 15, what is -37a3 + 65?
-373d
In base 10, what is 1454 - -2?
1456
In base 14, what is 4209a - -5?
420a1
In base 7, what is 25116 - -3110?
31226
In base 7, what is 105 - 100632?
-100524
In base 8, what is 1404 + -520?
664
In base 4, what is 103311033 - -10?
103311103
In base 6, what is -5 + -450102?
-450111
In base 6, what is 0 + -241223?
-241223
In base 5, what is -121114112 - -4?
-121114103
In base 8, what is -11775 + 126?
-11647
In base 6, what is 3 - 13025154?
-13025151
In base 8, what is -516234 + 1?
-516233
In base 10, what is -41 + 23012?
22971
In base 4, what is -131 + -10133?
-10330
In base 7, what is -31 - -11154?
11123
In base 7, what is -42 - -2?
-40
In base 13, what is 6c06 - -1?
6c07
In base 2, what is 1111111011001110 - -11?
1111111011010001
In base 14, what is -2b44 + -3?
-2b47
In base 13, what is 99b + -2a?
971
In base 9, what is -55884 - 14?
-56008
In base 5, what is -11342211 - -4?
-11342202
In base 12, what is -53b5 - 1?
-53b6
In base 6, what is 24155 - -4141?
32340
In base 12, what is -4 - 4ab3?
-4ab7
In base 7, what is 636 + 242?
1211
In base 9, what is 57881 + 4?
57885
In base 3, what is 2010110 - 101?
2010002
In base 5, what is -1243443 - -2?
-1243441
In base 8, what is -1765 + -124?
-2111
In base 2, what is 1 + 11001010100?
11001010101
In base 11, what is -102227 + 5?
-102222
In base 11, what is -158241 + -10?
-158251
In base 5, what is -231 + -2031?
-2312
In base 14, what is 177a58 - 6?
177a52
In base 7, what is 4 - -265515?
265522
In base 8, what is -10 + -106537?
-106547
In base 10, what is -12607 - -5?
-12602
In base 3, what is -21110 + 21122?
12
In base 8, what is 3370 + 0?
3370
In base 5, what is -21240214 - 4?
-21240223
In base 7, what is 4 - 31262?
-31255
In base 2, what is 1101001010101 - 1011010?
1100111111011
In base 13, what is -58082 - -3?
-5807c
In base 10, what is -37 + -3897?
-3934
In base 8, what is 734 + -173?
541
In base 15, what is -112 + -138d?
-14a0
In base 10, what is 200 + -1699?
-1499
In base 16, what is d - 145?
-138
In base 5, what is -113 - -320144?
320031
In base 2, what is 110000111 - -1110100?
111111011
In base 11, what is 8 - -29a80?
29a88
In base 5, what is 222240 + -112?
222123
In base 7, what is 4 - -23310?
23314
In base 14, what is 114 - 20?
d4
In base 9, what is 7480212 - -3?
7480215
In base 5, what is 124041004 + 10?
124041014
In base 16, what is b91 + 7?
b98
In base 7, what is -4334 + -13?
-4350
In base 6, what is -1230 - 2?
-1232
In base 11, what is 6137 + -3?
6134
In base 3, what is -11110 - 12202?
-101012
In base 4, what is -11 + 133320331?
133320320
In base 16, what is -522 + 16?
-50c
In base 5, what is -1001400 + 20?
-1001330
In base 7, what is 6 - 40206?
-40200
In base 14, what is 3c + -ba?
-7c
In base 8, what is 7731 + 173?
10124
In base 15, what is 1 - 9621?
-9620
In base 16, what is -7fdb2 - 4?
-7fdb6
In base 14, what is 345a8 + 8?
345b2
In base 14, what is 8 + -27?
-1d
In base 5, what is -4340233 + 3?
-4340230
In base 4, what is -2022 - -1220201?
1212113
In base 2, what is -10100011 + 1001001000110?
1000110100011
In base 11, what is -1192 + 15?
-1178
In base 2, what is 1010011100011 - 0?
1010011100011
In base 3, what is 12100212 + -2?
12100210
In base 13, what is -46319 - -3?
-46316
In base 10, what is -4245 + 541?
-3704
In base 4, what is 11 - -13322323?
13323000
In base 7, what is -5403256 + -1?
-5403260
In base 10, what is 65 + 6366?
6431
In base 13, what is 38a + -7?
383
In base 15, what is 74aa - 3?
74a7
In base 10, what is -274 - 612?
-886
In base 4, what is 2110 + 1311?
10021
In base 15, what is -1 + 4dcc?
4dcb
In base 13, what is -11090 - 1?
-11091
In base 7, what is -3456152 + -5?
-3456160
In base 11, what is 1a0 + 90?
280
In base 4, what is 232323332 - 3?
232323323
In base 9, what is 111318 - 0?
111318
In base 8, what is -10 + -706375?
-706405
In base 16, what is -6e + -2451?
-24bf
In base 14, what is -214a6d + 5?
-214a68
In base 15, what is 82 - -27a?
30c
In base 11, what is 301a4 - 4?
301a0
In base 5, what is 14024 - -31?
14110
In base 13, what is a2 + 147?
219
In base 12, what is 4 - -5983?
5987
In base 9, what is -832 - 1440?
-2372
In base 7, what is -1356 + 136?
-1220
In base 8, what is -3 - 1433013?
-1433016
In base 14, what is -510 + 17b?
-373
In base 2, what is 10101 - -10100100100111?
10100100111100
In base 12, what is -b44 + -47?
-b8b
In base 5, what is 23302 + 10331?
34133
In base 5, what is 344433 + -243?
344140
In base 14, what is ba77 - -1b?
ba94
In base 3, what is -21022 + -100201211?
-101000010
In base 9, what is 267 - -14?
282
In base 4, what is 32011 - -120?
32131
In base 2, what is -100110100101 + -101111?
-100111010100
In base 11, what is -1 - 2a762?
-2a763
In base 4, what is 300 + 310210?
311110
In base 12, what is 2490b + 34?
24943
In base 7, what is -402301 - 2?
-402303
In base 9, what is 121125 + 1?
121126
In base 8, what is 7716 + -10?
7706
In base 16, what is -f7a + e?
-f6c
In base 15, what is 4e1 - 27?
4b9
In base 14, what is 268d2 + 18?
2690a
In base 15, what is -2127 - -4?
-2123
In base 10, what is -2441545 - -3?
-2441542
In base 9, what is -61 - 1020?
-1081
In base 6, what is 5445 - -110?
5555
In base 12, what is -70122 + -3?
-70125
In base 14, what is -3 + 3b0?
3ab
In base 13, what is -45 + 162?
11a
In base 16, what is 152 + -15?
13d
In base 12, what is 2b9 - -66?
363
In base 8, what is 2 + 41123?
41125
In base 9, what is 4 + -30513?
-30508
In base 12, what is -a281 + -1?
-a282
In base 10, what is 4 + 127524?
127528
In base 13, what is -4 - 716c?
-7173
In base 6, what is 101 - 3425?
-3324
In base 5, what is 300303 - -1222?
302030
In base 8, what is 23613 + -12?
23601
In base 12, what is 138 - -14?
150
In base 13, what is -1cc - -4ba?
2bb
In base 15, what is 1 - 323c1?
-323c0
In base 12, what is -7 + 5379?
5372
In base 13, what is c0c4 + -6?
c0bb
In base 7, what is -5511446 + -3?
-5511452
In base 6, what is -3 + -124203?
-124210
In base 13, what is 5a5 - -292?
867
In base 16, what is 1ce - 13b?
93
In base 11, what is 4 + -768250?
-768247
In base 3, what is 1220 + -10101200?
-10022210
In base 8, what is 3 + 5515?
5520
In base 16, what is -95b9 + 7?
-95b2
In base 3, what is -1001 + 